{"id":4851,"date":"2024-07-30T22:57:59","date_gmt":"2024-07-30T20:57:59","guid":{"rendered":"https:\/\/radiobellavista.ar\/?page_id=4851"},"modified":"2024-07-30T22:57:59","modified_gmt":"2024-07-30T20:57:59","slug":"chatea-con-nosotros","status":"publish","type":"page","link":"https:\/\/radiobellavista.com.ar\/index.php\/chatea-con-nosotros\/","title":{"rendered":"Chatea con Nosotros"},"content":{"rendered":"\n<p class=\"has-text-align-center has-vivid-green-cyan-color has-text-color has-link-color has-medium-font-size wp-elements-753e8954ef14c37bae65926d36d6ae7e\"><em><strong>Contanos de Donde Nos Estas Escuchando <\/strong><\/em><\/p>\n\n\n<div class=\"rumbletalk-handle\" style=\"height: 500px;\"><div id=\"rt-99f9180af6b04466648ca42fedfe54a6\"><\/div><script src=\"https:\/\/rumbletalk.com\/client\/?JCRkcEmF\"><\/script><\/div>\n\n\n\n<p><\/p>\n","protected":false},"excerpt":{"rendered":"<p>Contanos de Donde Nos Estas Escuchando<\/p>\n","protected":false},"author":1,"featured_media":0,"parent":0,"menu_order":0,"comment_status":"closed","ping_status":"closed","template":"","meta":{"_eb_attr":"","advanced_seo_description":"","jetpack_seo_html_title":"","jetpack_seo_noindex":false,"h5ap_radio_sources":[],"_joinchat":[],"footnotes":""},"class_list":["post-4851","page","type-page","status-publish","hentry"],"jetpack_sharing_enabled":true,"jetpack-related-posts":[{"id":3,"url":"https:\/\/radiobellavista.com.ar\/index.php\/politica-privacidad-2\/","url_meta":{"origin":4851,"position":0},"title":"Pol\u00edtica de Privacidad","author":"Administrador","date":"23 de abril de 2025","format":false,"excerpt":"Qui\u00e9nes somos La direcci\u00f3n de nuestra web es: https:\/\/radiobellavista.com.ar. La pol\u00edtica de privacidad de Radio Bella Vista es clara y concisa. A continuaci\u00f3n, te presento los puntos clave: Informaci\u00f3n que se Recopila - *Comentarios*: Datos proporcionados en el formulario de comentarios, direcci\u00f3n IP y cadena de agentes de usuario del\u2026","rel":"","context":"Entrada similar","block_context":{"text":"Entrada similar","link":""},"img":{"alt_text":"","src":"","width":0,"height":0},"classes":[]},{"id":3579,"url":"https:\/\/radiobellavista.com.ar\/index.php\/radio-2\/escucha-la-radio\/","url_meta":{"origin":4851,"position":1},"title":"Escucha la Radio","author":"Administrador","date":"21 de mayo de 2023","format":false,"excerpt":"","rel":"","context":"Entrada similar","block_context":{"text":"Entrada similar","link":""},"img":{"alt_text":"","src":"","width":0,"height":0},"classes":[]},{"id":3193,"url":"https:\/\/radiobellavista.com.ar\/index.php\/radio-2\/descarga_la_app\/","url_meta":{"origin":4851,"position":2},"title":"Descarga La App","author":"Administrador","date":"25 de julio de 2022","format":false,"excerpt":"RadioBellaVista te acompa\u00f1a con toda la m\u00fasica que vos quer\u00e9s volver a escuchar Si Estas Manejando, No utilices el celular ni otros aparatos que causan distracci\u00f3n y tensi\u00f3n al conducir. Ser Responsable Evita Accidentes","rel":"","context":"Entrada similar","block_context":{"text":"Entrada similar","link":""},"img":{"alt_text":"","src":"","width":0,"height":0},"classes":[]},{"id":185,"url":"https:\/\/radiobellavista.com.ar\/index.php\/radio-2\/","url_meta":{"origin":4851,"position":3},"title":"La Radio","author":"Administrador","date":"28 de septiembre de 2020","format":false,"excerpt":"Desde la Ciudad del Arbol con Toda la Musica que a Vos te Gusta","rel":"","context":"Entrada similar","block_context":{"text":"Entrada similar","link":""},"img":{"alt_text":"","src":"https:\/\/i0.wp.com\/www.appcreator24.com\/android-app-creator\/descargar_es.png?resize=350%2C200&ssl=1","width":350,"height":200},"classes":[]}],"jetpack_shortlink":"https:\/\/wp.me\/Pgv48F-1gf","_links":{"self":[{"href":"https:\/\/radiobellavista.com.ar\/index.php\/wp-json\/wp\/v2\/pages\/4851","targetHints":{"allow":["GET"]}}],"collection":[{"href":"https:\/\/radiobellavista.com.ar\/index.php\/wp-json\/wp\/v2\/pages"}],"about":[{"href":"https:\/\/radiobellavista.com.ar\/index.php\/wp-json\/wp\/v2\/types\/page"}],"author":[{"embeddable":true,"href":"https:\/\/radiobellavista.com.ar\/index.php\/wp-json\/wp\/v2\/users\/1"}],"replies":[{"embeddable":true,"href":"https:\/\/radiobellavista.com.ar\/index.php\/wp-json\/wp\/v2\/comments?post=4851"}],"version-history":[{"count":0,"href":"https:\/\/radiobellavista.com.ar\/index.php\/wp-json\/wp\/v2\/pages\/4851\/revisions"}],"wp:attachment":[{"href":"https:\/\/radiobellavista.com.ar\/index.php\/wp-json\/wp\/v2\/media?parent=4851"}],"curies":[{"name":"wp","href":"https:\/\/api.w.org\/{rel}","templated":true}]}}