{"id":5350,"date":"2025-02-03T00:09:24","date_gmt":"2025-02-03T03:09:24","guid":{"rendered":"https:\/\/radiobellavista.ar\/?page_id=5350"},"modified":"2025-04-23T23:39:11","modified_gmt":"2025-04-23T21:39:11","slug":"fiestas-patrias","status":"publish","type":"page","link":"https:\/\/radiobellavista.com.ar\/index.php\/podcast\/fiestas-patrias\/","title":{"rendered":"Fiestas Patrias"},"content":{"rendered":"\n<figure class=\"wp-block-audio\"><audio controls src=\"https:\/\/radiobellavista.ar\/Podcast\/Fechas%20Patrias\/20250225-120000-Natalicio%20del%20Padre%20de%20la%20Patria.mp4\"><\/audio><figcaption class=\"wp-element-caption\"><strong>El 25 de Febrero de 1778, nace en Yapey\u00fa el General Jos\u00e9 de San Mart\u00edn.<\/strong><br><em>Libertador de Sud Am\u00e9rica, luch\u00f3 por la libertad de su pueblo y su continente, promovi\u00f3 la igualdad entre todas las razas y libert\u00f3 medio continente. Fue el m\u00e1ximo h\u00e9roe de nuestra independencia del Imperio Espa\u00f1ol. Este hombre sencillo, justo, solidario y generoso rompi\u00f3 con las cadenas que oprimieron esta tierra por m\u00e1s de 300 a\u00f1os, uno de los m\u00e1s grandes estrategas militares de la historia, con minor\u00eda de hombres y recursos venci\u00f3 a uno de los imperios m\u00e1s grande de todos los tiempos.<\/em><\/figcaption><\/figure>\n\n\n\n<hr class=\"wp-block-separator has-alpha-channel-opacity\"\/>\n\n\n\n<figure class=\"wp-block-audio\"><audio controls src=\"https:\/\/radiobellavista.ar\/Podcast\/Fechas%20Patrias\/20240402_16-33-31_Homenaje%20a%20los%20Heroes%20de%20Malvinas.mp3\"><\/audio><figcaption class=\"wp-element-caption\"><strong>Gloria y Honor a los H\u00e9roes de Malvinas<\/strong><br>La Guerra de las Malvinas fue un conflicto armado entre Argentina y el Reino Unido que dur\u00f3 74 d\u00edas en 1982. Se libr\u00f3 por el control de las islas Malvinas, Georgias del Sur y Sandwich del Sur.&nbsp;<br>&#8211; El 2 de abril de 1982, tropas argentinas desembarcaron en las islas Malvinas en la Operaci\u00f3n Rosario.<br>&#8211; Al d\u00eda siguiente,invadieron las Georgias del Sur en la Operaci\u00f3n Georgias.<br>&#8211; El 5 de abril, el gobierno brit\u00e1nico envi\u00f3 una fuerza naval para enfrentarse a la Armada y la Fuerza A\u00e9rea Argentina.<br>&#8211; El 14 de junio de 1982, Argentina se rindi\u00f3 formalmente, volviendo las islas al control brit\u00e1nico.<\/figcaption><\/figure>\n\n\n\n<hr class=\"wp-block-separator has-alpha-channel-opacity\"\/>\n\n\n\n<figure class=\"wp-block-audio\"><audio controls src=\"https:\/\/radiobellavista.ar\/Podcast\/Fechas%20Patrias\/20240524_23-55-25_podcast-25%20de%20Mayo.mp3\"><\/audio><figcaption class=\"wp-element-caption\"><strong>Cada 25 de mayo <\/strong><em>se celebra en Argentina el D\u00eda de la Revoluci\u00f3n de Mayo y la formaci\u00f3n del Primer Gobierno Patrio. Es una de las fechas m\u00e1s importantes del calendario c\u00edvico del pa\u00eds<\/em><\/figcaption><\/figure>\n\n\n\n<hr class=\"wp-block-separator has-alpha-channel-opacity\"\/>\n\n\n\n<figure class=\"wp-block-audio\"><audio controls src=\"https:\/\/radiobellavista.ar\/Podcast\/Fechas%20Patrias\/20240616_23-59-07_Podcast%20Homenaje%20al%20Gral%20%20Martin%20Miguel%20de%20Guemes.mp3\"><\/audio><figcaption class=\"wp-element-caption\"><strong>El homenaje al General Mart\u00edn Miguel de G\u00fcemes se realiza el 17 de junio, d\u00eda en que se conmemora su fallecimiento<\/strong>. <br>&#8211; Mart\u00edn Miguel de G\u00fcemes fue un pol\u00edtico y militar argentino que particip\u00f3 en la guerra de independencia de Argentina.<br>&#8211; Fue una figura destacada en la independencia de Argentina.<br>&#8211; Defendi\u00f3 la frontera norte y repeli\u00f3 invasiones espa\u00f1olas.<br>&#8211; Despleg\u00f3 sus habilidades pol\u00edticas y militares en b\u00fasqueda de la unidad nacional.<br>&#8211; Lider\u00f3 las guerras gauchas y tuvo un ej\u00e9rcito llamado &#8220;Infernales&#8221;.<\/figcaption><\/figure>\n\n\n\n<hr class=\"wp-block-separator has-alpha-channel-opacity\"\/>\n\n\n\n<figure class=\"wp-block-audio\"><audio controls src=\"https:\/\/radiobellavista.ar\/Podcast\/Fechas%20Patrias\/20240620_10-32-33_podcast%20dia%20de%20la%20bandera.mp3\"><\/audio><figcaption class=\"wp-element-caption\"><strong>La bandera fue creada el 27 de febrero de 1812<\/strong>,<em> durante la gesta por la Independencia de las provincias Unidas del R\u00edo de la Plata.<\/em><br>E<em>l D\u00eda de la Bandera se conmemora Cada 20 de junio en homenaje a su Creador<\/em>, <strong>Manuel Belgrano, quien falleci\u00f3 ese mismo d\u00eda en 1820<\/strong><\/figcaption><\/figure>\n\n\n\n<hr class=\"wp-block-separator has-alpha-channel-opacity\"\/>\n\n\n\n<figure class=\"wp-block-audio\"><audio controls src=\"https:\/\/radiobellavista.ar\/Podcast\/Fechas%20Patrias\/Buque%20Ara%20Gral%20Belgrano.mp3\"><\/audio><figcaption class=\"wp-element-caption\">El hundimiento del ARA General Belgrano fue una acci\u00f3n b\u00e9lica naval que se produjo el 2 de mayo de 1982 fuera del \u00e1rea de exclusi\u00f3n de guerra pactada durante la guerra de las Malvinas, a consecuencia del ataque del submarino nuclear brit\u00e1nico HMS Conqueror, se produjo el hundimiento del crucero argentino.<br><strong>El Ep\u00edgrafe del Buque ARA Gral Belgrano.<\/strong><br><em><mark style=\"background-color:rgba(0, 0, 0, 0)\" class=\"has-inline-color has-vivid-cyan-blue-color\"><strong>Es Preferible Irse a Pique Antes Que Rendir el Pabell\u00f3n<\/strong><\/mark><\/em><br><strong>2 de Mayo de 1982 17:00 Hs.     Lat. 55\u00ba 24&#8242; S Long 61\u00ba 32&#8217;W  Descansan en Paz<\/strong><\/figcaption><\/figure>\n\n\n\n<hr class=\"wp-block-separator has-alpha-channel-opacity\"\/>\n\n\n\n<p><\/p>\n","protected":false},"excerpt":{"rendered":"","protected":false},"author":1,"featured_media":0,"parent":5052,"menu_order":0,"comment_status":"closed","ping_status":"closed","template":"","meta":{"_eb_attr":"","advanced_seo_description":"","jetpack_seo_html_title":"","jetpack_seo_noindex":false,"h5ap_radio_sources":[],"_joinchat":[],"footnotes":""},"class_list":["post-5350","page","type-page","status-publish","hentry"],"jetpack_sharing_enabled":true,"jetpack-related-posts":[{"id":2,"url":"https:\/\/radiobellavista.com.ar\/index.php\/pagina-ejemplo\/","url_meta":{"origin":5350,"position":0},"title":"P\u00e1gina de ejemplo","author":"Administrador","date":"23 de abril de 2025","format":false,"excerpt":"Esta es una p\u00e1gina de ejemplo. Es diferente a una entrada del blog porque permanecer\u00e1 en un solo lugar y aparecer\u00e1 en la navegaci\u00f3n de tu sitio (en la mayor\u00eda de los temas). La mayor\u00eda de las personas comienzan con una p\u00e1gina \u00abAcerca de\u00bb que les presenta a los visitantes\u2026","rel":"","context":"Entrada similar","block_context":{"text":"Entrada similar","link":""},"img":{"alt_text":"","src":"","width":0,"height":0},"classes":[]},{"id":4157,"url":"https:\/\/radiobellavista.com.ar\/index.php\/pagina-ejemplo-2\/","url_meta":{"origin":5350,"position":1},"title":"P\u00e1gina de ejemplo","author":"Administrador","date":"8 de abril de 2021","format":false,"excerpt":"Esta es una p\u00e1gina de ejemplo. Es diferente a una entrada del blog porque permanecer\u00e1 en un solo lugar y aparecer\u00e1 en la navegaci\u00f3n de tu sitio (en la mayor\u00eda de los temas). La mayor\u00eda de las personas comienzan con una p\u00e1gina \u00abAcerca de\u00bb que les presenta a los visitantes\u2026","rel":"","context":"Entrada similar","block_context":{"text":"Entrada similar","link":""},"img":{"alt_text":"","src":"","width":0,"height":0},"classes":[]},{"id":5449,"url":"https:\/\/radiobellavista.com.ar\/index.php\/pagina-ejemplo-3\/","url_meta":{"origin":5350,"position":2},"title":"P\u00e1gina de ejemplo","author":"Administrador","date":"29 de julio de 2024","format":false,"excerpt":"Esta es una p\u00e1gina de ejemplo. Es diferente a una entrada del blog porque permanecer\u00e1 en un solo lugar y aparecer\u00e1 en la navegaci\u00f3n de tu sitio (en la mayor\u00eda de los temas). La mayor\u00eda de las personas comienzan con una p\u00e1gina \u00abAcerca de\u00bb que les presenta a los visitantes\u2026","rel":"","context":"Entrada similar","block_context":{"text":"Entrada similar","link":""},"img":{"alt_text":"","src":"","width":0,"height":0},"classes":[]},{"id":4418,"url":"https:\/\/radiobellavista.com.ar\/index.php\/telefonos-utiles\/policia-bonaerense\/merlo\/","url_meta":{"origin":5350,"position":3},"title":"MERLO","author":"Administrador","date":"7 de abril de 2024","format":false,"excerpt":"DEPENDENCIATEL\u00c9FONODIRECCI\u00d3NComisar\u00eda Merlo 1\u00b0\u00a0\u00a00220 - 4820028\/1113Libertador N\u00b0 368 y ChacabucoMerlo\u00a0Comisar\u00eda Merlo 2\u00b0\u00a0\u00a00220 - 4832222\/ 4852267Directorio N\u00b0 236 e\/ Chaco y ChubutSan Antonio de Padua, MerloComisar\u00eda Merlo 3\u00b0\u00a0\u00a00220 - 4808744\/6011San Mart\u00edn y MurrayParque San Mart\u00edn, MerloComisar\u00eda Merlo 4\u00b0\u00a0\u00a00220 - 4941214\/ 4970499Av. Morotti y ColombiaLibertad, MerloComisar\u00eda Merlo 5\u00b0\u00a0\u00a00220 - 4920222\/ 4922580\u00a0Paraje San Pablo\u2026","rel":"","context":"Entrada similar","block_context":{"text":"Entrada similar","link":""},"img":{"alt_text":"","src":"","width":0,"height":0},"classes":[]},{"id":4412,"url":"https:\/\/radiobellavista.com.ar\/index.php\/telefonos-utiles\/policia-bonaerense\/moron\/","url_meta":{"origin":5350,"position":4},"title":"MOR\u00d3N","author":"Administrador","date":"7 de abril de 2024","format":false,"excerpt":"DEPENDENCIATEL\u00c9FONODIRECCI\u00d3NComisar\u00eda Mor\u00f3n 1\u00b0 (Centro)\u00a0\u00a0011 - 46293333\/ 44893869Bartolom\u00e9 Mitre N\u00b0 939Mor\u00f3n\u00a0Comisar\u00eda Mor\u00f3n 2\u00b0\u00a0011 - 46594444\/ 3333Tacuar\u00ed N\u00b0 690Haedo, Mor\u00f3n\u00a0Norte, Mor\u00f3n\u00a0Comisar\u00eda Mor\u00f3n 3\u00b0\u00a0\u00a0011 - 46293344\/ \u00a04444Libertador N\u00b0 654 y RochaCastelar Sur, Mor\u00f3nComisar\u00eda Mor\u00f3n 4\u00b0\u00a0\u00a0011 - 46972944\/ \u00a06531Felipe Vallese N\u00b0 1079 y Avda. Eva Per\u00f3nGervasio Pav\u00f3n, Mor\u00f3nComisar\u00eda Mor\u00f3n 5\u00b0\u00a0\u00a0011 - 46580130\/ 46549841\/ 46560550\u00a0Tres\u2026","rel":"","context":"Entrada similar","block_context":{"text":"Entrada similar","link":""},"img":{"alt_text":"","src":"","width":0,"height":0},"classes":[]},{"id":4542,"url":"https:\/\/radiobellavista.com.ar\/index.php\/telefonos-utiles\/4542-2\/","url_meta":{"origin":5350,"position":5},"title":"Bomberos Voluntarios","author":"Administrador","date":"9 de abril de 2024","format":false,"excerpt":"Bomberos Gral SarmientoAvenida Presidente Per\u00f3n 1644Guardia: 4664-2222Administraci\u00f3n: 4664-7032Jefatura: 4664-5779Destacamento 1Avenida Remigio Lopez 2551 - Tel: 25514455-2222 Bomberos Voluntarios de Jos\u00e9 C. PazDirecci\u00f3n: San Agust\u00edn 703, Jos\u00e9 C. PazTel\u00e9fono: 02320 42-2222whatsapp: 1156615900 Bomberos Voluntarios Los PolvorinesPerito Moreno 3502, Villa de Mayo Bomberos Voluntarios de Malvinas ArgentinasJ. C. Baroni N\u00ba 2684 Los\u2026","rel":"","context":"Entrada similar","block_context":{"text":"Entrada similar","link":""},"img":{"alt_text":"","src":"","width":0,"height":0},"classes":[]}],"jetpack_shortlink":"https:\/\/wp.me\/Pgv48F-1oi","_links":{"self":[{"href":"https:\/\/radiobellavista.com.ar\/index.php\/wp-json\/wp\/v2\/pages\/5350","targetHints":{"allow":["GET"]}}],"collection":[{"href":"https:\/\/radiobellavista.com.ar\/index.php\/wp-json\/wp\/v2\/pages"}],"about":[{"href":"https:\/\/radiobellavista.com.ar\/index.php\/wp-json\/wp\/v2\/types\/page"}],"author":[{"embeddable":true,"href":"https:\/\/radiobellavista.com.ar\/index.php\/wp-json\/wp\/v2\/users\/1"}],"replies":[{"embeddable":true,"href":"https:\/\/radiobellavista.com.ar\/index.php\/wp-json\/wp\/v2\/comments?post=5350"}],"version-history":[{"count":2,"href":"https:\/\/radiobellavista.com.ar\/index.php\/wp-json\/wp\/v2\/pages\/5350\/revisions"}],"predecessor-version":[{"id":5607,"href":"https:\/\/radiobellavista.com.ar\/index.php\/wp-json\/wp\/v2\/pages\/5350\/revisions\/5607"}],"up":[{"embeddable":true,"href":"https:\/\/radiobellavista.com.ar\/index.php\/wp-json\/wp\/v2\/pages\/5052"}],"wp:attachment":[{"href":"https:\/\/radiobellavista.com.ar\/index.php\/wp-json\/wp\/v2\/media?parent=5350"}],"curies":[{"name":"wp","href":"https:\/\/api.w.org\/{rel}","templated":true}]}}