{"id":5448,"date":"2020-08-09T19:45:22","date_gmt":"2020-08-09T22:45:22","guid":{"rendered":"http:\/\/bellavista.net.ar\/fmbellavista\/?page_id=7"},"modified":"2025-04-23T22:59:19","modified_gmt":"2025-04-23T20:59:19","slug":"inicio-2","status":"publish","type":"page","link":"https:\/\/radiobellavista.com.ar\/","title":{"rendered":""},"content":{"rendered":"\n<p class=\"has-text-color has-large-font-size\" style=\"color:#2f1bf7\"><strong>Todos los d\u00edas <\/strong><\/p>\n\n\n\n<div class=\"wp-block-media-text is-stacked-on-mobile\" style=\"grid-template-columns:29% auto\"><figure class=\"wp-block-media-text__media\"><img data-recalc-dims=\"1\" loading=\"lazy\" decoding=\"async\" width=\"416\" height=\"398\" data-attachment-id=\"22\" data-permalink=\"https:\/\/radiobellavista.com.ar\/logo-radiobellavista\/\" data-orig-file=\"https:\/\/i0.wp.com\/radiobellavista.com.ar\/wp-content\/uploads\/2025\/04\/logo-radiobellavista.png?fit=416%2C398&amp;ssl=1\" data-orig-size=\"416,398\" data-comments-opened=\"1\" data-image-meta=\"{&quot;aperture&quot;:&quot;0&quot;,&quot;credit&quot;:&quot;&quot;,&quot;camera&quot;:&quot;&quot;,&quot;caption&quot;:&quot;&quot;,&quot;created_timestamp&quot;:&quot;0&quot;,&quot;copyright&quot;:&quot;&quot;,&quot;focal_length&quot;:&quot;0&quot;,&quot;iso&quot;:&quot;0&quot;,&quot;shutter_speed&quot;:&quot;0&quot;,&quot;title&quot;:&quot;&quot;,&quot;orientation&quot;:&quot;0&quot;}\" data-image-title=\"logo radiobellavista\" data-image-description=\"\" data-image-caption=\"\" data-medium-file=\"https:\/\/i0.wp.com\/radiobellavista.com.ar\/wp-content\/uploads\/2025\/04\/logo-radiobellavista.png?fit=300%2C287&amp;ssl=1\" data-large-file=\"https:\/\/i0.wp.com\/radiobellavista.com.ar\/wp-content\/uploads\/2025\/04\/logo-radiobellavista.png?fit=416%2C398&amp;ssl=1\" src=\"https:\/\/i0.wp.com\/radiobellavista.com.ar\/wp-content\/uploads\/2025\/04\/logo-radiobellavista.png?resize=416%2C398&#038;ssl=1\" alt=\"\" class=\"wp-image-22 size-full\"\/><\/figure><div class=\"wp-block-media-text__content\">\n<p class=\"has-text-align-center has-large-font-size\"><em><span style=\"color: #0000ff;\"><strong>Te acompa\u00f1amos con la mejor m\u00fasica Est\u00e9s donde est\u00e9s RadioBellaVista esta con Vos<\/strong><\/span><\/em><\/p>\n<\/div><\/div>\n\n\n\n<p><\/p>\n","protected":false},"excerpt":{"rendered":"<p>Todos los d\u00edas Te acompa\u00f1amos con la mejor m\u00fasica Est\u00e9s donde est\u00e9s RadioBellaVista esta con Vos<\/p>\n","protected":false},"author":1,"featured_media":0,"parent":0,"menu_order":0,"comment_status":"closed","ping_status":"closed","template":"","meta":{"_eb_attr":"","advanced_seo_description":"","jetpack_seo_html_title":"","jetpack_seo_noindex":false,"h5ap_radio_sources":[],"_joinchat":[],"footnotes":""},"class_list":["post-5448","page","type-page","status-publish","hentry"],"jetpack_sharing_enabled":true,"jetpack-related-posts":[{"id":8,"url":"https:\/\/radiobellavista.com.ar\/index.php\/inicio\/","url_meta":{"origin":5448,"position":0},"title":"Mantenimiento","author":"Administrador","date":"23 de abril de 2025","format":false,"excerpt":"Todos los d\u00edas Est\u00e9s donde est\u00e9s RadioBellaVista Esta con Vos","rel":"","context":"Entrada similar","block_context":{"text":"Entrada similar","link":""},"img":{"alt_text":"","src":"https:\/\/i0.wp.com\/radiobellavista.com.ar\/wp-content\/uploads\/2025\/04\/Sin-titulo.jpeg?resize=350%2C200","width":350,"height":200},"classes":[]},{"id":3193,"url":"https:\/\/radiobellavista.com.ar\/index.php\/radio-2\/descarga_la_app\/","url_meta":{"origin":5448,"position":1},"title":"Descarga La App","author":"Administrador","date":"25 de julio de 2022","format":false,"excerpt":"RadioBellaVista te acompa\u00f1a con toda la m\u00fasica que vos quer\u00e9s volver a escuchar Si Estas Manejando, No utilices el celular ni otros aparatos que causan distracci\u00f3n y tensi\u00f3n al conducir. Ser Responsable Evita Accidentes","rel":"","context":"Entrada similar","block_context":{"text":"Entrada similar","link":""},"img":{"alt_text":"","src":"","width":0,"height":0},"classes":[]},{"id":185,"url":"https:\/\/radiobellavista.com.ar\/index.php\/radio-2\/","url_meta":{"origin":5448,"position":2},"title":"La Radio","author":"Administrador","date":"28 de septiembre de 2020","format":false,"excerpt":"Desde la Ciudad del Arbol con Toda la Musica que a Vos te Gusta","rel":"","context":"Entrada similar","block_context":{"text":"Entrada similar","link":""},"img":{"alt_text":"","src":"https:\/\/i0.wp.com\/www.appcreator24.com\/android-app-creator\/descargar_es.png?resize=350%2C200&ssl=1","width":350,"height":200},"classes":[]},{"id":4963,"url":"https:\/\/radiobellavista.com.ar\/index.php\/comunidad-bvta\/libreria-cotillon\/","url_meta":{"origin":5448,"position":3},"title":"Librer\u00eda &#8211; Cotillon","author":"Administrador","date":"1 de agosto de 2024","format":false,"excerpt":"Librer\u00eda y Kiosco Cale \u00a0Tenemos para vos, carpetas, cartucheras, cuadernos, Fotocopias de excelente calidad, impresiones y mucha, mucha experiencia Para asesorarte. Te esperamos en Avenida Mattaldi 841 bella Vista. Hace tu consulta al Tel\u00e9fono 11 2388-3183","rel":"","context":"Entrada similar","block_context":{"text":"Entrada similar","link":""},"img":{"alt_text":"","src":"https:\/\/i0.wp.com\/radiobellavista.com.ar\/wp-content\/uploads\/2024\/08\/Libreria-Cale.png?resize=350%2C200&ssl=1","width":350,"height":200,"srcset":"https:\/\/i0.wp.com\/radiobellavista.com.ar\/wp-content\/uploads\/2024\/08\/Libreria-Cale.png?resize=350%2C200&ssl=1 1x, https:\/\/i0.wp.com\/radiobellavista.com.ar\/wp-content\/uploads\/2024\/08\/Libreria-Cale.png?resize=525%2C300&ssl=1 1.5x, https:\/\/i0.wp.com\/radiobellavista.com.ar\/wp-content\/uploads\/2024\/08\/Libreria-Cale.png?resize=700%2C400&ssl=1 2x, https:\/\/i0.wp.com\/radiobellavista.com.ar\/wp-content\/uploads\/2024\/08\/Libreria-Cale.png?resize=1050%2C600&ssl=1 3x"},"classes":[]},{"id":4857,"url":"https:\/\/radiobellavista.com.ar\/index.php\/comercios\/","url_meta":{"origin":5448,"position":4},"title":"Comunidad RadioBellaVista.","author":"Administrador","date":"31 de julio de 2024","format":false,"excerpt":"RadioBellaVista con motivo de ayudar a nuestra comunidad generamos este Espacio. Si sos due\u00f1o de un Comercio.Podes darte de alta enviando un WhatsApp con tus datos al 11 3805-2424 Centro de est\u00e9tica Silvia di Benedetto masajes descontracturantes, relajantes, dermopigmentacion en cejas ojos y labios. Avenida Mattaldi 998 , Bella Vista\u2026","rel":"","context":"Entrada similar","block_context":{"text":"Entrada similar","link":""},"img":{"alt_text":"","src":"https:\/\/i0.wp.com\/radiobellavista.com.ar\/wp-content\/uploads\/2024\/07\/pao-sublimacion.png?resize=350%2C200&ssl=1","width":350,"height":200,"srcset":"https:\/\/i0.wp.com\/radiobellavista.com.ar\/wp-content\/uploads\/2024\/07\/pao-sublimacion.png?resize=350%2C200&ssl=1 1x, https:\/\/i0.wp.com\/radiobellavista.com.ar\/wp-content\/uploads\/2024\/07\/pao-sublimacion.png?resize=525%2C300&ssl=1 1.5x, https:\/\/i0.wp.com\/radiobellavista.com.ar\/wp-content\/uploads\/2024\/07\/pao-sublimacion.png?resize=700%2C400&ssl=1 2x, https:\/\/i0.wp.com\/radiobellavista.com.ar\/wp-content\/uploads\/2024\/07\/pao-sublimacion.png?resize=1050%2C600&ssl=1 3x"},"classes":[]},{"id":4904,"url":"https:\/\/radiobellavista.com.ar\/index.php\/comunidad-bvta\/almacen\/","url_meta":{"origin":5448,"position":5},"title":"Almac\u00e9n","author":"Administrador","date":"1 de agosto de 2024","format":false,"excerpt":"Despensa Beto Te espera con los mejores productos y precios en Avenida Mattaldi 968 de Bella Vista.Abre de lunes a s\u00e1bado de 09:00 a 14:30 y de 16:00 a 20:00 horas.Domingos y feriados de 09 a 13:30 Hs.","rel":"","context":"Entrada similar","block_context":{"text":"Entrada similar","link":""},"img":{"alt_text":"","src":"https:\/\/i0.wp.com\/radiobellavista.com.ar\/wp-content\/uploads\/2024\/08\/despesa-beto.png?resize=350%2C200&ssl=1","width":350,"height":200,"srcset":"https:\/\/i0.wp.com\/radiobellavista.com.ar\/wp-content\/uploads\/2024\/08\/despesa-beto.png?resize=350%2C200&ssl=1 1x, https:\/\/i0.wp.com\/radiobellavista.com.ar\/wp-content\/uploads\/2024\/08\/despesa-beto.png?resize=525%2C300&ssl=1 1.5x, https:\/\/i0.wp.com\/radiobellavista.com.ar\/wp-content\/uploads\/2024\/08\/despesa-beto.png?resize=700%2C400&ssl=1 2x"},"classes":[]}],"jetpack_shortlink":"https:\/\/wp.me\/Pgv48F-1pS","_links":{"self":[{"href":"https:\/\/radiobellavista.com.ar\/index.php\/wp-json\/wp\/v2\/pages\/5448","targetHints":{"allow":["GET"]}}],"collection":[{"href":"https:\/\/radiobellavista.com.ar\/index.php\/wp-json\/wp\/v2\/pages"}],"about":[{"href":"https:\/\/radiobellavista.com.ar\/index.php\/wp-json\/wp\/v2\/types\/page"}],"author":[{"embeddable":true,"href":"https:\/\/radiobellavista.com.ar\/index.php\/wp-json\/wp\/v2\/users\/1"}],"replies":[{"embeddable":true,"href":"https:\/\/radiobellavista.com.ar\/index.php\/wp-json\/wp\/v2\/comments?post=5448"}],"version-history":[{"count":2,"href":"https:\/\/radiobellavista.com.ar\/index.php\/wp-json\/wp\/v2\/pages\/5448\/revisions"}],"predecessor-version":[{"id":5593,"href":"https:\/\/radiobellavista.com.ar\/index.php\/wp-json\/wp\/v2\/pages\/5448\/revisions\/5593"}],"wp:attachment":[{"href":"https:\/\/radiobellavista.com.ar\/index.php\/wp-json\/wp\/v2\/media?parent=5448"}],"curies":[{"name":"wp","href":"https:\/\/api.w.org\/{rel}","templated":true}]}}